{"id":15,"date":"2017-03-21T17:21:22","date_gmt":"2017-03-21T20:21:22","guid":{"rendered":"http:\/\/www.senhoresviajantes.com.br\/?page_id=15"},"modified":"2019-12-31T18:54:58","modified_gmt":"2019-12-31T21:54:58","slug":"decisoes-judiciais","status":"publish","type":"page","link":"https:\/\/www.senhoresviajantes.com.br\/index.php\/decisoes-judiciais\/","title":{"rendered":"Decis\u00f5es Judiciais"},"content":{"rendered":"<\/div><\/div><\/div><!-- close content main div --><\/div><\/div><div id='av_section_1' class='avia-section main_color avia-section-default avia-no-border-styling avia-bg-style-scroll   container_wrap sidebar_right' style = 'background-color: #606060; '  ><div class='container' ><div class='template-page content  av-content-small alpha units'><div class='post-entry post-entry-type-page post-entry-15'><div class='entry-content-wrapper clearfix'>\n<div class=\"flex_column av_one_full  flex_column_div av-zero-column-padding first  \" style='border-radius:0px; '><section class=\"av_textblock_section\"  itemscope=\"itemscope\" itemtype=\"https:\/\/schema.org\/CreativeWork\" ><div class='avia_textblock title-h1'   itemprop=\"text\" ><h1 style=\"text-align: left;\"><span style=\"color: #ffffff;\"><span class=\"highlightedLayerContent\" data-color-group=\"turquoise\">Decis\u00f5es Judiciais<\/span><\/span><\/h1>\n<\/div><\/section><\/div>\n<\/div><\/div><\/div><!-- close content main div --><\/div><\/div><div id='after_section_1' class='main_color av_default_container_wrap container_wrap sidebar_right'   ><div class='container' ><div class='template-page content  av-content-small alpha units'><div class='post-entry post-entry-type-page post-entry-15'><div class='entry-content-wrapper clearfix'>\n<\/div><\/div><\/div><!-- close content main div --><\/div><\/div><div id='av_section_2' class='avia-section main_color avia-section-large avia-no-border-styling avia-bg-style-scroll   container_wrap sidebar_right' style = 'background-color: #ef4723; '  ><div class='container' ><div class='template-page content  av-content-small alpha units'><div class='post-entry post-entry-type-page post-entry-15'><div class='entry-content-wrapper clearfix'>\n<div class=\"flex_column av_three_fifth  flex_column_div av-zero-column-padding first  \" style='border-radius:0px; '><section class=\"av_textblock_section\"  itemscope=\"itemscope\" itemtype=\"https:\/\/schema.org\/CreativeWork\" ><div class='avia_textblock title-h4'   itemprop=\"text\" ><h2 style=\"text-align: left;\"><span style=\"color: #ffffff;\">Nesta se\u00e7\u00e3o voc\u00ea ter\u00e1 conhecimento das decis\u00f5es judiciais proferidas em todo pa\u00eds relacionadas ao Direito do Passageiro. <\/span><\/h2>\n<\/div><\/section><\/div><div class=\"flex_column av_two_fifth  flex_column_div av-zero-column-padding   \" style='border-radius:0px; '><\/div><\/div><\/div><\/div><!-- close content main div --><\/div><\/div><div id='after_section_2' class='main_color av_default_container_wrap container_wrap sidebar_right'   ><div class='container' ><div class='template-page content  av-content-small alpha units'><div class='post-entry post-entry-type-page post-entry-15'><div class='entry-content-wrapper clearfix'><\/div><\/div><\/div><!-- close content main div --><\/div><\/div><div id='av_section_3' class='avia-section main_color avia-section-default avia-no-shadow avia-bg-style-scroll  container_wrap sidebar_right'   ><div class='container' ><div class='template-page content  av-content-small alpha units'><div class='post-entry post-entry-type-page post-entry-15'><div class='entry-content-wrapper clearfix'>\n<div  data-autoplay=''  data-interval='5'  data-animation='fade'  data-show_slide_delay='90'  class='avia-content-slider avia-content-grid-active avia-content-slider1 avia-content-slider-even  decisoes-judiciais-conteudo'  itemscope=\"itemscope\" itemtype=\"https:\/\/schema.org\/Blog\" ><div class='avia-content-slider-inner'><div class='slide-entry-wrap'><article class='slide-entry flex_column  post-entry post-entry-1263 slide-entry-overview slide-loop-1 slide-parity-odd  av_one_half first fake-thumbnail'  itemscope=\"itemscope\" itemtype=\"https:\/\/schema.org\/BlogPosting\" itemprop=\"blogPost\" ><a href='https:\/\/www.senhoresviajantes.com.br\/index.php\/passageira-sera-indenizada-por-atraso-de-6h-em-voo\/' data-rel='slide-1' class='slide-image' title=''><span class=' fallback-post-type-icon' aria-hidden='true' data-av_icon='\ue836' data-av_iconfont='entypo-fontello'><\/span><span class='slider-fallback-image'><img width=\"495\" height=\"400\" src=\"https:\/\/www.senhoresviajantes.com.br\/principal\/wp-content\/uploads\/2018\/11\/iStock-918171450-495x400.jpg\" class=\"attachment-portfolio size-portfolio wp-post-image\" alt=\"Woman refusing a glass of milk\" loading=\"lazy\" srcset=\"https:\/\/www.senhoresviajantes.com.br\/principal\/wp-content\/uploads\/2018\/11\/iStock-918171450-495x400.jpg 495w, https:\/\/www.senhoresviajantes.com.br\/principal\/wp-content\/uploads\/2018\/11\/iStock-918171450-845x684.jpg 845w\" sizes=\"(max-width: 495px) 100vw, 495px\" \/><\/span><\/a><div class='slide-content'><header class=\"entry-content-header\"><h3 class='slide-entry-title entry-title'  itemprop=\"headline\" ><a href='https:\/\/www.senhoresviajantes.com.br\/index.php\/passageira-sera-indenizada-por-atraso-de-6h-em-voo\/' title='Passageira ser\u00e1 indenizada por atraso de 6h em voo'>Passageira ser\u00e1 indenizada por atraso de 6h em voo<\/a><\/h3><span class=\"av-vertical-delimiter\"><\/span><\/header><div class='slide-meta'><div class='slide-meta-comments'><a href='https:\/\/www.senhoresviajantes.com.br\/index.php\/passageira-sera-indenizada-por-atraso-de-6h-em-voo\/#respond'>0 Coment\u00e1rios<\/a><\/div><div class='slide-meta-del'>\/<\/div><time class='slide-meta-time updated'  itemprop=\"datePublished\" datetime=\"2019-06-17T21:21:00-03:00\" >17\/06\/2019<\/time><\/div><div class='slide-entry-excerpt entry-content'  itemprop=\"text\" >O 5\u00ba Juizado Especial C\u00edvel de Jo\u00e3o Pessoa condenou uma companhia a\u00e9rea a pagar R$ 2,5 mil por danos morais a uma consumidora por conta do atraso de quase seis horas em um voo....<div class=\"read-more-link\"><a href=\"https:\/\/www.senhoresviajantes.com.br\/index.php\/passageira-sera-indenizada-por-atraso-de-6h-em-voo\/\" class=\"more-link\">Leia mais<span class=\"more-link-arrow\"><\/span><\/a><\/div><\/div><\/div><footer class=\"entry-footer\"><\/footer><span class='hidden'>\n\t\t\t<span class='av-structured-data'  itemscope=\"itemscope\" itemtype=\"https:\/\/schema.org\/ImageObject\"  itemprop='image'>\n\t\t\t\t\t   <span itemprop='url' >http:\/\/www.senhoresviajantes.com.br\/principal\/wp-content\/uploads\/2017\/03\/senhores-viajantes-logo.png<\/span>\n\t\t\t\t\t   <span itemprop='height' >0<\/span>\n\t\t\t\t\t   <span itemprop='width' >0<\/span>\n\t\t\t\t  <\/span><span class='av-structured-data'  itemprop=\"publisher\" itemtype=\"https:\/\/schema.org\/Organization\" itemscope=\"itemscope\" >\n\t\t\t\t<span itemprop='name'>Igor Santos<\/span>\n\t\t\t\t<span itemprop='logo' itemscope itemtype='http:\/\/schema.org\/ImageObject'>\n\t\t\t\t   <span itemprop='url'>http:\/\/www.senhoresviajantes.com.br\/principal\/wp-content\/uploads\/2017\/03\/senhores-viajantes-logo.png<\/span>\n\t\t\t\t <\/span>\n\t\t\t  <\/span><span class='av-structured-data'  itemprop=\"author\" itemscope=\"itemscope\" itemtype=\"https:\/\/schema.org\/Person\" ><span itemprop='name'>Igor Santos<\/span><\/span><span class='av-structured-data'  itemprop=\"datePublished\" datetime=\"2018-11-23T23:38:25-02:00\" >2019-06-17 21:21:00<\/span><span class='av-structured-data'  itemprop=\"dateModified\" itemtype=\"https:\/\/schema.org\/dateModified\" >2020-01-02 10:53:56<\/span><span class='av-structured-data'  itemprop=\"mainEntityOfPage\" itemtype=\"https:\/\/schema.org\/mainEntityOfPage\" ><span itemprop='name'>Passageira ser\u00e1 indenizada por atraso de 6h em voo<\/span><\/span><\/span><\/article><article class='slide-entry flex_column  post-entry post-entry-1014 slide-entry-overview slide-loop-2 slide-parity-even  av_one_half  real-thumbnail'  itemscope=\"itemscope\" itemtype=\"https:\/\/schema.org\/BlogPosting\" itemprop=\"blogPost\" ><a href='https:\/\/www.senhoresviajantes.com.br\/index.php\/cancelamento-de-voo-pela-azul-acaba-nos-tribunais\/' data-rel='slide-1' class='slide-image' title=''><img width=\"495\" height=\"400\" src=\"https:\/\/www.senhoresviajantes.com.br\/principal\/wp-content\/uploads\/2018\/11\/iStock-821986190-495x400.jpg\" class=\"attachment-portfolio size-portfolio wp-post-image\" alt=\"airport\" loading=\"lazy\" srcset=\"https:\/\/www.senhoresviajantes.com.br\/principal\/wp-content\/uploads\/2018\/11\/iStock-821986190-495x400.jpg 495w, https:\/\/www.senhoresviajantes.com.br\/principal\/wp-content\/uploads\/2018\/11\/iStock-821986190-845x684.jpg 845w\" sizes=\"(max-width: 495px) 100vw, 495px\" \/><\/a><div class='slide-content'><header class=\"entry-content-header\"><h3 class='slide-entry-title entry-title'  itemprop=\"headline\" ><a href='https:\/\/www.senhoresviajantes.com.br\/index.php\/cancelamento-de-voo-pela-azul-acaba-nos-tribunais\/' title='Cancelamento de voo pela Azul acaba nos tribunais'>Cancelamento de voo pela Azul acaba nos tribunais<\/a><\/h3><span class=\"av-vertical-delimiter\"><\/span><\/header><div class='slide-meta'><div class='slide-meta-comments'><a href='https:\/\/www.senhoresviajantes.com.br\/index.php\/cancelamento-de-voo-pela-azul-acaba-nos-tribunais\/#respond'>0 Coment\u00e1rios<\/a><\/div><div class='slide-meta-del'>\/<\/div><time class='slide-meta-time updated'  itemprop=\"datePublished\" datetime=\"2018-11-28T00:42:37-02:00\" >28\/11\/2018<\/time><\/div><div class='slide-entry-excerpt entry-content'  itemprop=\"text\" >Passageiro acaba tendo voo cancelado pela Azul, que o motivou a ingressar com uma a\u00e7\u00e3o de indeniza\u00e7\u00e3o por danos morais\n\n\n\nA presente a\u00e7\u00e3o ocorreu em decorr\u00eancia do cancelamento de um voo que seria\u2026<div class=\"read-more-link\"><a href=\"https:\/\/www.senhoresviajantes.com.br\/index.php\/cancelamento-de-voo-pela-azul-acaba-nos-tribunais\/\" class=\"more-link\">Leia mais<span class=\"more-link-arrow\"><\/span><\/a><\/div><\/div><\/div><footer class=\"entry-footer\"><\/footer><span class='hidden'>\n\t\t\t<span class='av-structured-data'  itemscope=\"itemscope\" itemtype=\"https:\/\/schema.org\/ImageObject\"  itemprop='image'>\n\t\t\t\t\t   <span itemprop='url' >https:\/\/www.senhoresviajantes.com.br\/principal\/wp-content\/uploads\/2018\/11\/iStock-821986190.jpg<\/span>\n\t\t\t\t\t   <span itemprop='height' >768<\/span>\n\t\t\t\t\t   <span itemprop='width' >1364<\/span>\n\t\t\t\t  <\/span><span class='av-structured-data'  itemprop=\"publisher\" itemtype=\"https:\/\/schema.org\/Organization\" itemscope=\"itemscope\" >\n\t\t\t\t<span itemprop='name'>Pedro Guedes<\/span>\n\t\t\t\t<span itemprop='logo' itemscope itemtype='http:\/\/schema.org\/ImageObject'>\n\t\t\t\t   <span itemprop='url'>http:\/\/www.senhoresviajantes.com.br\/principal\/wp-content\/uploads\/2017\/03\/senhores-viajantes-logo.png<\/span>\n\t\t\t\t <\/span>\n\t\t\t  <\/span><span class='av-structured-data'  itemprop=\"author\" itemscope=\"itemscope\" itemtype=\"https:\/\/schema.org\/Person\" ><span itemprop='name'>Pedro Guedes<\/span><\/span><span class='av-structured-data'  itemprop=\"datePublished\" datetime=\"2018-11-23T23:38:25-02:00\" >2018-11-28 00:42:37<\/span><span class='av-structured-data'  itemprop=\"dateModified\" itemtype=\"https:\/\/schema.org\/dateModified\" >2018-11-28 00:42:37<\/span><span class='av-structured-data'  itemprop=\"mainEntityOfPage\" itemtype=\"https:\/\/schema.org\/mainEntityOfPage\" ><span itemprop='name'>Cancelamento de voo pela Azul acaba nos tribunais<\/span><\/span><\/span><\/article><\/div><div class='slide-entry-wrap'><article class='slide-entry flex_column  post-entry post-entry-1001 slide-entry-overview slide-loop-3 slide-parity-odd  av_one_half first real-thumbnail'  itemscope=\"itemscope\" itemtype=\"https:\/\/schema.org\/BlogPosting\" itemprop=\"blogPost\" ><a href='https:\/\/www.senhoresviajantes.com.br\/index.php\/atraso-de-voo-causado-pela-tam-termina-em-processo\/' data-rel='slide-1' class='slide-image' title=''><img width=\"495\" height=\"400\" src=\"https:\/\/www.senhoresviajantes.com.br\/principal\/wp-content\/uploads\/2018\/11\/iStock-959984300-495x400.jpg\" class=\"attachment-portfolio size-portfolio wp-post-image\" alt=\"TAM airplane, Brazil\" loading=\"lazy\" srcset=\"https:\/\/www.senhoresviajantes.com.br\/principal\/wp-content\/uploads\/2018\/11\/iStock-959984300-495x400.jpg 495w, https:\/\/www.senhoresviajantes.com.br\/principal\/wp-content\/uploads\/2018\/11\/iStock-959984300-845x684.jpg 845w\" sizes=\"(max-width: 495px) 100vw, 495px\" \/><\/a><div class='slide-content'><header class=\"entry-content-header\"><h3 class='slide-entry-title entry-title'  itemprop=\"headline\" ><a href='https:\/\/www.senhoresviajantes.com.br\/index.php\/atraso-de-voo-causado-pela-tam-termina-em-processo\/' title='Atraso de voo causado pela TAM termina em processo'>Atraso de voo causado pela TAM termina em processo<\/a><\/h3><span class=\"av-vertical-delimiter\"><\/span><\/header><div class='slide-meta'><div class='slide-meta-comments'><a href='https:\/\/www.senhoresviajantes.com.br\/index.php\/atraso-de-voo-causado-pela-tam-termina-em-processo\/#respond'>0 Coment\u00e1rios<\/a><\/div><div class='slide-meta-del'>\/<\/div><time class='slide-meta-time updated'  itemprop=\"datePublished\" datetime=\"2018-11-27T10:27:11-02:00\" >27\/11\/2018<\/time><\/div><div class='slide-entry-excerpt entry-content'  itemprop=\"text\" >Atraso de voo leva passageiro a mover uma a\u00e7\u00e3o de indeniza\u00e7\u00e3o por dano moral contra a TAM\n\n&nbsp;\n\n\n\nEste pleito teve como apelantes Soraia Ferreia Uehara, Rafael Uehara Pestana e Marcelo Yuri Uehara\u2026<div class=\"read-more-link\"><a href=\"https:\/\/www.senhoresviajantes.com.br\/index.php\/atraso-de-voo-causado-pela-tam-termina-em-processo\/\" class=\"more-link\">Leia mais<span class=\"more-link-arrow\"><\/span><\/a><\/div><\/div><\/div><footer class=\"entry-footer\"><\/footer><span class='hidden'>\n\t\t\t<span class='av-structured-data'  itemscope=\"itemscope\" itemtype=\"https:\/\/schema.org\/ImageObject\"  itemprop='image'>\n\t\t\t\t\t   <span itemprop='url' >https:\/\/www.senhoresviajantes.com.br\/principal\/wp-content\/uploads\/2018\/11\/iStock-959984300.jpg<\/span>\n\t\t\t\t\t   <span itemprop='height' >836<\/span>\n\t\t\t\t\t   <span itemprop='width' >1254<\/span>\n\t\t\t\t  <\/span><span class='av-structured-data'  itemprop=\"publisher\" itemtype=\"https:\/\/schema.org\/Organization\" itemscope=\"itemscope\" >\n\t\t\t\t<span itemprop='name'>Pedro Guedes<\/span>\n\t\t\t\t<span itemprop='logo' itemscope itemtype='http:\/\/schema.org\/ImageObject'>\n\t\t\t\t   <span itemprop='url'>http:\/\/www.senhoresviajantes.com.br\/principal\/wp-content\/uploads\/2017\/03\/senhores-viajantes-logo.png<\/span>\n\t\t\t\t <\/span>\n\t\t\t  <\/span><span class='av-structured-data'  itemprop=\"author\" itemscope=\"itemscope\" itemtype=\"https:\/\/schema.org\/Person\" ><span itemprop='name'>Pedro Guedes<\/span><\/span><span class='av-structured-data'  itemprop=\"datePublished\" datetime=\"2018-11-23T23:38:25-02:00\" >2018-11-27 10:27:11<\/span><span class='av-structured-data'  itemprop=\"dateModified\" itemtype=\"https:\/\/schema.org\/dateModified\" >2018-11-27 10:27:11<\/span><span class='av-structured-data'  itemprop=\"mainEntityOfPage\" itemtype=\"https:\/\/schema.org\/mainEntityOfPage\" ><span itemprop='name'>Atraso de voo causado pela TAM termina em processo<\/span><\/span><\/span><\/article><article class='slide-entry flex_column  post-entry post-entry-988 slide-entry-overview slide-loop-4 slide-parity-even  post-entry-last  av_one_half  real-thumbnail'  itemscope=\"itemscope\" itemtype=\"https:\/\/schema.org\/BlogPosting\" itemprop=\"blogPost\" ><a href='https:\/\/www.senhoresviajantes.com.br\/index.php\/south-african-airways-nega-devida-assistencia-a-passageiro\/' data-rel='slide-1' class='slide-image' title=''><img width=\"495\" height=\"400\" src=\"https:\/\/www.senhoresviajantes.com.br\/principal\/wp-content\/uploads\/2018\/11\/iStock-918171450-495x400.jpg\" class=\"attachment-portfolio size-portfolio wp-post-image\" alt=\"Woman refusing a glass of milk\" loading=\"lazy\" srcset=\"https:\/\/www.senhoresviajantes.com.br\/principal\/wp-content\/uploads\/2018\/11\/iStock-918171450-495x400.jpg 495w, https:\/\/www.senhoresviajantes.com.br\/principal\/wp-content\/uploads\/2018\/11\/iStock-918171450-845x684.jpg 845w\" sizes=\"(max-width: 495px) 100vw, 495px\" \/><\/a><div class='slide-content'><header class=\"entry-content-header\"><h3 class='slide-entry-title entry-title'  itemprop=\"headline\" ><a href='https:\/\/www.senhoresviajantes.com.br\/index.php\/south-african-airways-nega-devida-assistencia-a-passageiro\/' title='SOUTH AFRICAN AIRWAYS nega devida assist\u00eancia a passageiro'>SOUTH AFRICAN AIRWAYS nega devida assist\u00eancia a passageiro<\/a><\/h3><span class=\"av-vertical-delimiter\"><\/span><\/header><div class='slide-meta'><div class='slide-meta-comments'><a href='https:\/\/www.senhoresviajantes.com.br\/index.php\/south-african-airways-nega-devida-assistencia-a-passageiro\/#respond'>0 Coment\u00e1rios<\/a><\/div><div class='slide-meta-del'>\/<\/div><time class='slide-meta-time updated'  itemprop=\"datePublished\" datetime=\"2018-11-23T23:38:25-02:00\" >23\/11\/2018<\/time><\/div><div class='slide-entry-excerpt entry-content'  itemprop=\"text\" >A companhia a\u00e9rea South Africa Airways virou r\u00e9 em a\u00e7\u00e3o de indeniza\u00e7\u00e3o por danos morais por n\u00e3o fornecer a devida assist\u00eancia a um passageiro\n\n\n\nO atual processo teve como apelante David Perl e\u2026<div class=\"read-more-link\"><a href=\"https:\/\/www.senhoresviajantes.com.br\/index.php\/south-african-airways-nega-devida-assistencia-a-passageiro\/\" class=\"more-link\">Leia mais<span class=\"more-link-arrow\"><\/span><\/a><\/div><\/div><\/div><footer class=\"entry-footer\"><\/footer><span class='hidden'>\n\t\t\t<span class='av-structured-data'  itemscope=\"itemscope\" itemtype=\"https:\/\/schema.org\/ImageObject\"  itemprop='image'>\n\t\t\t\t\t   <span itemprop='url' >https:\/\/www.senhoresviajantes.com.br\/principal\/wp-content\/uploads\/2018\/11\/iStock-918171450.jpg<\/span>\n\t\t\t\t\t   <span itemprop='height' >836<\/span>\n\t\t\t\t\t   <span itemprop='width' >1254<\/span>\n\t\t\t\t  <\/span><span class='av-structured-data'  itemprop=\"publisher\" itemtype=\"https:\/\/schema.org\/Organization\" itemscope=\"itemscope\" >\n\t\t\t\t<span itemprop='name'>Pedro Guedes<\/span>\n\t\t\t\t<span itemprop='logo' itemscope itemtype='http:\/\/schema.org\/ImageObject'>\n\t\t\t\t   <span itemprop='url'>http:\/\/www.senhoresviajantes.com.br\/principal\/wp-content\/uploads\/2017\/03\/senhores-viajantes-logo.png<\/span>\n\t\t\t\t <\/span>\n\t\t\t  <\/span><span class='av-structured-data'  itemprop=\"author\" itemscope=\"itemscope\" itemtype=\"https:\/\/schema.org\/Person\" ><span itemprop='name'>Pedro Guedes<\/span><\/span><span class='av-structured-data'  itemprop=\"datePublished\" datetime=\"2018-11-23T23:38:25-02:00\" >2018-11-23 23:38:25<\/span><span class='av-structured-data'  itemprop=\"dateModified\" itemtype=\"https:\/\/schema.org\/dateModified\" >2018-11-23 23:38:25<\/span><span class='av-structured-data'  itemprop=\"mainEntityOfPage\" itemtype=\"https:\/\/schema.org\/mainEntityOfPage\" ><span itemprop='name'>SOUTH AFRICAN AIRWAYS nega devida assist\u00eancia a passageiro<\/span><\/span><\/span><\/article><\/div><\/div><div class='pagination-wrap pagination-slider'><nav class='pagination'><span class='pagination-meta'>P\u00e1gina 1 de 14<\/span><span class='current'>1<\/span><a href='https:\/\/www.senhoresviajantes.com.br\/index.php\/wp-json\/wp\/v2\/pages\/15\/page\/2\/' class='inactive' >2<\/a><a href='https:\/\/www.senhoresviajantes.com.br\/index.php\/wp-json\/wp\/v2\/pages\/15\/page\/3\/' class='inactive' >3<\/a><a href='https:\/\/www.senhoresviajantes.com.br\/index.php\/wp-json\/wp\/v2\/pages\/15\/page\/2\/'>&rsaquo;<\/a><a href='https:\/\/www.senhoresviajantes.com.br\/index.php\/wp-json\/wp\/v2\/pages\/15\/page\/14\/'>&raquo;<\/a><\/nav>\n<\/div><\/div>\n<\/div><\/div><\/div><!-- close content main div --><\/div><\/div><div id='after_section_3' class='main_color av_default_container_wrap container_wrap sidebar_right'   ><div class='container' ><div class='template-page content  av-content-small alpha units'><div class='post-entry post-entry-type-page post-entry-15'><div class='entry-content-wrapper clearfix'><\/p>\n<\/div><\/div><\/div><!-- close content main div --><\/div><\/div><div id='av_section_4' class='avia-section main_color avia-section-default avia-no-border-styling avia-bg-style-scroll  assine-newsletter container_wrap sidebar_right'   ><div class='container' ><div class='template-page content  av-content-small alpha units'><div class='post-entry post-entry-type-page post-entry-15'><div class='entry-content-wrapper clearfix'>\n<div class='flex_column_table av-equal-height-column-flextable' ><div class=\"flex_column av_two_fifth  no_margin flex_column_table_cell av-equal-height-column av-align-top av-zero-column-padding first   \" style='background-color:#606060; border-radius:0px; '><section class=\"av_textblock_section\"  itemscope=\"itemscope\" itemtype=\"https:\/\/schema.org\/BlogPosting\" itemprop=\"blogPost\" ><div class='avia_textblock title-h4'   itemprop=\"text\" ><h4 style=\"text-align: left;\"><span style=\"color: #ffffff;\">Assine nossa newsletter e receba<\/span><\/h4>\n<h4 style=\"text-align: left;\"><span style=\"color: #ffffff;\">conte\u00fados exclusivos<\/span><\/h4>\n<\/div><\/section><\/div><div class=\"flex_column av_three_fifth  no_margin flex_column_table_cell av-equal-height-column av-align-top av-zero-column-padding   newsletter \" style='background-color:#606060; border-radius:0px; '><section class=\"av_textblock_section\"  itemscope=\"itemscope\" itemtype=\"https:\/\/schema.org\/BlogPosting\" itemprop=\"blogPost\" ><div class='avia_textblock '   itemprop=\"text\" ><p style=\"text-align: left;\"><div role=\"form\" class=\"wpcf7\" id=\"wpcf7-f58-o1\" lang=\"pt-BR\" dir=\"ltr\">\n<div class=\"screen-reader-response\"><p role=\"status\" aria-live=\"polite\" aria-atomic=\"true\"><\/p> <ul><\/ul><\/div>\n<form action=\"\/index.php\/wp-json\/wp\/v2\/pages\/15#wpcf7-f58-o1\" method=\"post\" class=\"wpcf7-form init\" novalidate=\"novalidate\" data-status=\"init\">\n<div style=\"display: none;\">\n<input type=\"hidden\" name=\"_wpcf7\" value=\"58\" \/>\n<input type=\"hidden\" name=\"_wpcf7_version\" value=\"5.6.1\" \/>\n<input type=\"hidden\" name=\"_wpcf7_locale\" value=\"pt_BR\" \/>\n<input type=\"hidden\" name=\"_wpcf7_unit_tag\" value=\"wpcf7-f58-o1\" \/>\n<input type=\"hidden\" name=\"_wpcf7_container_post\" value=\"0\" \/>\n<input type=\"hidden\" name=\"_wpcf7_posted_data_hash\" value=\"\" \/>\n<\/div>\n<p><label> <span class=\"wpcf7-form-control-wrap\" data-name=\"your-email\"><input type=\"email\" name=\"your-email\" value=\"\" size=\"40\" class=\"wpcf7-form-control wpcf7-text wpcf7-email wpcf7-validates-as-required wpcf7-validates-as-email\" aria-required=\"true\" aria-invalid=\"false\" placeholder=\"E-mail\" \/><\/span> <\/label><\/p>\n<p><input type=\"submit\" value=\"ASSINAR\" class=\"wpcf7-form-control has-spinner wpcf7-submit\" \/><\/p>\n<div class=\"wpcf7-response-output\" aria-hidden=\"true\"><\/div><\/form><\/div><\/p>\n<\/div><\/section><\/div><\/div><!--close column table wrapper. Autoclose:  -->\n<\/div><\/div><\/div><!-- close content main div --><\/div><\/div><div id='after_section_4' class='main_color av_default_container_wrap container_wrap sidebar_right'   ><div class='container' ><div class='template-page content  av-content-small alpha units'><div class='post-entry post-entry-type-page post-entry-15'><div class='entry-content-wrapper clearfix'>\n","protected":false},"excerpt":{"rendered":"","protected":false},"author":1,"featured_media":1022,"parent":0,"menu_order":0,"comment_status":"closed","ping_status":"closed","template":"","meta":{"_bbp_topic_count":0,"_bbp_reply_count":0,"_bbp_total_topic_count":0,"_bbp_total_reply_count":0,"_bbp_voice_count":0,"_bbp_anonymous_reply_count":0,"_bbp_topic_count_hidden":0,"_bbp_reply_count_hidden":0,"_bbp_forum_subforum_count":0,"_joinchat":[]},"_links":{"self":[{"href":"https:\/\/www.senhoresviajantes.com.br\/index.php\/wp-json\/wp\/v2\/pages\/15"}],"collection":[{"href":"https:\/\/www.senhoresviajantes.com.br\/index.php\/wp-json\/wp\/v2\/pages"}],"about":[{"href":"https:\/\/www.senhoresviajantes.com.br\/index.php\/wp-json\/wp\/v2\/types\/page"}],"author":[{"embeddable":true,"href":"https:\/\/www.senhoresviajantes.com.br\/index.php\/wp-json\/wp\/v2\/users\/1"}],"replies":[{"embeddable":true,"href":"https:\/\/www.senhoresviajantes.com.br\/index.php\/wp-json\/wp\/v2\/comments?post=15"}],"version-history":[{"count":29,"href":"https:\/\/www.senhoresviajantes.com.br\/index.php\/wp-json\/wp\/v2\/pages\/15\/revisions"}],"predecessor-version":[{"id":1551,"href":"https:\/\/www.senhoresviajantes.com.br\/index.php\/wp-json\/wp\/v2\/pages\/15\/revisions\/1551"}],"wp:featuredmedia":[{"embeddable":true,"href":"https:\/\/www.senhoresviajantes.com.br\/index.php\/wp-json\/wp\/v2\/media\/1022"}],"wp:attachment":[{"href":"https:\/\/www.senhoresviajantes.com.br\/index.php\/wp-json\/wp\/v2\/media?parent=15"}],"curies":[{"name":"wp","href":"https:\/\/api.w.org\/{rel}","templated":true}]}}