{"id":13,"date":"2017-03-21T17:21:04","date_gmt":"2017-03-21T20:21:04","guid":{"rendered":"http:\/\/www.senhoresviajantes.com.br\/?page_id=13"},"modified":"2022-07-22T12:53:42","modified_gmt":"2022-07-22T15:53:42","slug":"como-funciona","status":"publish","type":"page","link":"https:\/\/www.senhoresviajantes.com.br\/index.php\/como-funciona\/","title":{"rendered":"Como Funciona"},"content":{"rendered":"<\/div><\/div><\/div><!-- close content main div --><\/div><\/div><div id='av_section_1' class='avia-section main_color avia-section-default avia-no-border-styling avia-bg-style-scroll   container_wrap sidebar_right' style = 'background-color: #606060; '  ><div class='container' ><div class='template-page content  av-content-small alpha units'><div class='post-entry post-entry-type-page post-entry-13'><div class='entry-content-wrapper clearfix'>\n<div class=\"flex_column av_one_full  flex_column_div av-zero-column-padding first  \" style='border-radius:0px; '><section class=\"av_textblock_section\"  itemscope=\"itemscope\" itemtype=\"https:\/\/schema.org\/CreativeWork\" ><div class='avia_textblock title-h1'   itemprop=\"text\" ><h1 style=\"text-align: left;\"><span style=\"color: #ffffff;\"><span class=\"highlightedLayerContent\" data-color-group=\"turquoise\">Como funciona<\/span><\/span><\/h1>\n<\/div><\/section><\/div>\n<\/div><\/div><\/div><!-- close content main div --><\/div><\/div><div id='after_section_1' class='main_color av_default_container_wrap container_wrap sidebar_right'   ><div class='container' ><div class='template-page content  av-content-small alpha units'><div class='post-entry post-entry-type-page post-entry-13'><div class='entry-content-wrapper clearfix'>\n<\/div><\/div><\/div><!-- close content main div --><\/div><\/div><div id='av_section_2' class='avia-section main_color avia-section-large avia-no-border-styling avia-bg-style-scroll   container_wrap sidebar_right' style = 'background-color: #ef4723; '  ><div class='container' ><div class='template-page content  av-content-small alpha units'><div class='post-entry post-entry-type-page post-entry-13'><div class='entry-content-wrapper clearfix'>\n<div class='flex_column_table av-equal-height-column-flextable' ><div class=\"flex_column av_one_half  flex_column_table_cell av-equal-height-column av-align-middle av-zero-column-padding first   \" style='border-radius:0px; '><section class=\"av_textblock_section\"  itemscope=\"itemscope\" itemtype=\"https:\/\/schema.org\/CreativeWork\" ><div class='avia_textblock title-h4'   itemprop=\"text\" ><h4><span style=\"color: #ffffff;\">IN\u00cdCIO<\/span><\/h4>\n<\/div><\/section><br \/>\n<div style=' margin-top:10px; margin-bottom:10px;'  class='hr hr-custom hr-center hr-icon-no  '><span class='hr-inner   inner-border-av-border-thin' style=' width:50px;' ><span class='hr-inner-style'><\/span><\/span><\/div><br \/>\n<section class=\"av_textblock_section\"  itemscope=\"itemscope\" itemtype=\"https:\/\/schema.org\/CreativeWork\" ><div class='avia_textblock  av_inherit_color'  style='font-size:14px; color:#ffffff; '  itemprop=\"text\" ><h3><strong>A companhia a\u00e9rea deve obrigatoriamente garantir que a viagem dos passageiros ocorra sem transtornos. Ent\u00e3o, quando um passageiro sente que seus direitos foram lesados, ele pode ser indenizado pela companhia a\u00e9rea.<\/strong><\/h3>\n<\/div><\/section><\/p><\/div><div class='av-flex-placeholder'><\/div><div class=\"flex_column av_one_half  flex_column_table_cell av-equal-height-column av-align-middle av-zero-column-padding   \" style='border-radius:0px; '><div class='avia-image-container  av-styling-    avia-align-center '  itemscope=\"itemscope\" itemtype=\"https:\/\/schema.org\/ImageObject\"  ><div class='avia-image-container-inner'><img class='avia_image ' src='https:\/\/www.senhoresviajantes.com.br\/principal\/wp-content\/uploads\/2017\/03\/d-s-c-5-5-4-4-2-1-9-3.jpg' alt='' title='d-s-c-5-5-4-4-2-1-9-3'   itemprop=\"thumbnailUrl\"  \/><\/div><\/div><\/div><\/div><!--close column table wrapper. Autoclose:  -->\n<\/div><\/div><\/div><!-- close content main div --><\/div><\/div><div id='after_section_2' class='main_color av_default_container_wrap container_wrap sidebar_right'   ><div class='container' ><div class='template-page content  av-content-small alpha units'><div class='post-entry post-entry-type-page post-entry-13'><div class='entry-content-wrapper clearfix'>\n<\/div><\/div><\/div><!-- close content main div --><\/div><\/div><div id='av_section_3' class='avia-section main_color avia-section-large avia-no-border-styling avia-bg-style-scroll   container_wrap sidebar_right'   ><div class='container' ><div class='template-page content  av-content-small alpha units'><div class='post-entry post-entry-type-page post-entry-13'><div class='entry-content-wrapper clearfix'>\n<div class='flex_column_table av-equal-height-column-flextable' ><div class=\"flex_column av_one_half  flex_column_table_cell av-equal-height-column av-align-middle av-zero-column-padding first   \" style='border-radius:0px; '><div class='avia-image-container  av-styling-    avia-align-center '  itemscope=\"itemscope\" itemtype=\"https:\/\/schema.org\/ImageObject\"  ><div class='avia-image-container-inner'><img class='avia_image ' src='https:\/\/www.senhoresviajantes.com.br\/principal\/wp-content\/uploads\/2017\/03\/passengers-waiting-in-airport-departure-lounge-h-yzx-5-jd-a-ssss.jpg' alt='' title='passengers-waiting-in-airport-departure-lounge-h-yzx-5-jd-a-ssss'   itemprop=\"thumbnailUrl\"  \/><\/div><\/div><\/div><div class='av-flex-placeholder'><\/div><div class=\"flex_column av_one_half  flex_column_table_cell av-equal-height-column av-align-middle av-zero-column-padding   \" style='border-radius:0px; '><section class=\"av_textblock_section\"  itemscope=\"itemscope\" itemtype=\"https:\/\/schema.org\/CreativeWork\" ><div class='avia_textblock title-h4'   itemprop=\"text\" ><h4><span style=\"color: #000000;\">2\u00aa ETAPA<\/span><\/h4>\n<\/div><\/section><br \/>\n<div style=' margin-top:10px; margin-bottom:10px;'  class='hr hr-custom hr-center hr-icon-no  '><span class='hr-inner   inner-border-av-border-thin' style=' width:50px; border-color:#ffffff;' ><span class='hr-inner-style'><\/span><\/span><\/div><br \/>\n<section class=\"av_textblock_section\"  itemscope=\"itemscope\" itemtype=\"https:\/\/schema.org\/CreativeWork\" ><div class='avia_textblock '  style='font-size:14px; '  itemprop=\"text\" ><div id=\"layerContentContainer\">\n<div id=\"layerContent\" tabindex=\"1\">\n<h3><strong>Tire as suas d\u00favidas em nosso F\u00f3rum de Debates.<\/strong><\/h3>\n<\/div>\n<\/div>\n<\/div><\/section><\/p><\/div><\/div><!--close column table wrapper. Autoclose:  -->\n<\/div><\/div><\/div><!-- close content main div --><\/div><\/div><div id='after_section_3' class='main_color av_default_container_wrap container_wrap sidebar_right'   ><div class='container' ><div class='template-page content  av-content-small alpha units'><div class='post-entry post-entry-type-page post-entry-13'><div class='entry-content-wrapper clearfix'>\n<\/div><\/div><\/div><!-- close content main div --><\/div><\/div><div id='av_section_4' class='avia-section main_color avia-section-default avia-no-border-styling avia-bg-style-scroll  home-blog container_wrap sidebar_right' style = 'background-color: #606060; '  ><div class='container' ><div class='template-page content  av-content-small alpha units'><div class='post-entry post-entry-type-page post-entry-13'><div class='entry-content-wrapper clearfix'>\n<div class=\"flex_column av_one_full  flex_column_div first   \" style='padding:0px 5% 0px 5% ; border-radius:0px; '><section class=\"av_textblock_section\"  itemscope=\"itemscope\" itemtype=\"https:\/\/schema.org\/CreativeWork\" ><div class='avia_textblock title-h3'   itemprop=\"text\" ><h3 style=\"text-align: center;\"><span class=\"highlightedLayerContent\" style=\"color: #ffffff;\" data-color-group=\"turquoise\">FALE CONOSCO<\/span><\/h3>\n<\/div><\/section><\/div><div class=\"flex_column av_one_fifth  flex_column_div av-zero-column-padding first  \" style='border-radius:0px; '><\/div><div class=\"flex_column av_one_fifth  flex_column_div av-zero-column-padding   \" style='border-radius:0px; '><p><div class='avia-image-container  av-styling-    avia-align-center '  itemscope=\"itemscope\" itemtype=\"https:\/\/schema.org\/ImageObject\"  ><div class='avia-image-container-inner'><img class='avia_image ' src='https:\/\/www.senhoresviajantes.com.br\/principal\/wp-content\/uploads\/2017\/03\/icone-1-1.jpg' alt='' title='icone-1'   itemprop=\"thumbnailUrl\"  \/><\/div><\/div><br \/>\n<section class=\"av_textblock_section\"  itemscope=\"itemscope\" itemtype=\"https:\/\/schema.org\/CreativeWork\" ><div class='avia_textblock title-h3'   itemprop=\"text\" ><h3 style=\"text-align: center;\"><span style=\"color: #ffffff;\"><span class=\"highlightedLayerContent\" data-color-group=\"turquoise\">Entre em <\/span><\/span><\/h3>\n<h3 style=\"text-align: center;\"><span style=\"color: #ffffff;\"><span class=\"highlightedLayerContent\" data-color-group=\"turquoise\">contato<\/span><\/span><\/h3>\n<\/div><\/section><\/p><\/div><div class=\"flex_column av_one_fifth  flex_column_div av-zero-column-padding   \" style='border-radius:0px; '><p><div class='avia-image-container  av-styling-    avia-align-center '  itemscope=\"itemscope\" itemtype=\"https:\/\/schema.org\/ImageObject\"  ><div class='avia-image-container-inner'><img class='avia_image ' src='https:\/\/www.senhoresviajantes.com.br\/principal\/wp-content\/uploads\/2017\/03\/icone-2-1.jpg' alt='' title='icone-2'   itemprop=\"thumbnailUrl\"  \/><\/div><\/div><br \/>\n<section class=\"av_textblock_section\"  itemscope=\"itemscope\" itemtype=\"https:\/\/schema.org\/CreativeWork\" ><div class='avia_textblock title-h3'   itemprop=\"text\" ><h3 style=\"text-align: center;\"><span style=\"color: #ffffff;\"><span class=\"highlightedLayerContent\" data-color-group=\"turquoise\">Tire suas <\/span><\/span><\/h3>\n<h3 style=\"text-align: center;\"><span style=\"color: #ffffff;\"><span class=\"highlightedLayerContent\" data-color-group=\"turquoise\">d\u00favidas<\/span><\/span><\/h3>\n<\/div><\/section><\/p><\/div><div class=\"flex_column av_one_fifth  flex_column_div av-zero-column-padding   \" style='border-radius:0px; '><p><div class='avia-image-container  av-styling-    avia-align-center '  itemscope=\"itemscope\" itemtype=\"https:\/\/schema.org\/ImageObject\"  ><div class='avia-image-container-inner'><img class='avia_image ' src='https:\/\/www.senhoresviajantes.com.br\/principal\/wp-content\/uploads\/2017\/03\/icone-3-1.jpg' alt='' title='icone-3'   itemprop=\"thumbnailUrl\"  \/><\/div><\/div><br \/>\n<section class=\"av_textblock_section\"  itemscope=\"itemscope\" itemtype=\"https:\/\/schema.org\/CreativeWork\" ><div class='avia_textblock title-h3'   itemprop=\"text\" ><h3 style=\"text-align: center;\"><span style=\"color: #ffffff;\"><span class=\"highlightedLayerContent\" data-color-group=\"turquoise\">Ache uma <\/span><\/span><\/h3>\n<h3 style=\"text-align: center;\"><span style=\"color: #ffffff;\"><span class=\"highlightedLayerContent\" data-color-group=\"turquoise\">solu\u00e7\u00e3o<\/span><\/span><\/h3>\n<\/div><\/section><\/p><\/div><div class=\"flex_column av_one_fifth  flex_column_div av-zero-column-padding   \" style='border-radius:0px; '><\/div><div class=\"flex_column av_one_full  flex_column_div first   \" style='padding:0px 5% 0px 5% ; border-radius:0px; '><div class='avia-button-wrap avia-button-center  botao-entre-contato'><a href='https:\/\/www.senhoresviajantes.com.br\/index.php\/fale-conosco\/' class='avia-button  avia-icon_select-no avia-color-custom avia-size-large avia-position-center '  style='background-color:#ffffff; border-color:#ffffff; color:#000000; ' ><span class='avia_iconbox_title' >ENTRE EM CONTATO<\/span><\/a><\/div><\/div><\/div><\/div><\/div><!-- close content main div --><\/div><\/div><div id='after_section_4' class='main_color av_default_container_wrap container_wrap sidebar_right'   ><div class='container' ><div class='template-page content  av-content-small alpha units'><div class='post-entry post-entry-type-page post-entry-13'><div class='entry-content-wrapper clearfix'><\/div><\/div><\/div><!-- close content main div --><\/div><\/div><div id='av_section_5' class='avia-section main_color avia-section-default avia-no-border-styling avia-bg-style-scroll  como-funciona-conteudo container_wrap sidebar_right'   ><div class='container' ><div class='template-page content  av-content-small alpha units'><div class='post-entry post-entry-type-page post-entry-13'><div class='entry-content-wrapper clearfix'>\n<div class=\"flex_column av_one_full  flex_column_div first   \" style='margin-top:0px; margin-bottom:40px; padding:0px 5% 0px 5% ; border-radius:0px; '><section class=\"av_textblock_section\"  itemscope=\"itemscope\" itemtype=\"https:\/\/schema.org\/CreativeWork\" ><div class='avia_textblock title-h3'   itemprop=\"text\" ><h3 style=\"text-align: center;\"><span class=\"highlightedLayerContent\" style=\"color: #000000;\" data-color-group=\"turquoise\">BAIXE NOSSO CONTE\u00daDO DISPON\u00cdVEL<\/span><\/h3>\n<\/div><\/section><\/div><div class='flex_column_table av-equal-height-column-flextable' style='margin-top:0px; margin-bottom:20px; '><div class=\"flex_column av_one_half  flex_column_table_cell av-equal-height-column av-align-middle av-zero-column-padding first  conteudo \" style='background-color:#ef4723; border-radius:0px; '><section class=\"av_textblock_section\"  itemscope=\"itemscope\" itemtype=\"https:\/\/schema.org\/CreativeWork\" ><div class='avia_textblock '   itemprop=\"text\" ><p><img loading=\"lazy\" class=\"size-full wp-image-107 alignleft\" src=\"https:\/\/www.senhoresviajantes.com.br\/principal\/wp-content\/uploads\/2017\/03\/iconepdf-4.png\" alt=\"\" width=\"100\" height=\"100\" srcset=\"https:\/\/www.senhoresviajantes.com.br\/principal\/wp-content\/uploads\/2017\/03\/iconepdf-4.png 100w, https:\/\/www.senhoresviajantes.com.br\/principal\/wp-content\/uploads\/2017\/03\/iconepdf-4-80x80.png 80w, https:\/\/www.senhoresviajantes.com.br\/principal\/wp-content\/uploads\/2017\/03\/iconepdf-4-36x36.png 36w\" sizes=\"(max-width: 100px) 100vw, 100px\" \/><span class=\"highlightedLayerContent\" style=\"color: #ffffff;\" data-color-group=\"turquoise\">LOREM IPSUM DOLOR SIT AMET, CONSECTETUR ADIPISICING ELIT, SED DO EIUSMOD TEMPOR.<\/span><\/p>\n<div class='avia-button-wrap avia-button-left  botao-conteudo'><a href='' class='avia-button  avia-icon_select-no avia-color-custom avia-size-large avia-position-left '  style='background-color:#FFFFFF; border-color:#FFFFFF; color:#000000; ' ><span class='avia_iconbox_title' >BAIXAR<\/span><\/a><\/div>\n<\/div><\/section><\/div><div class='av-flex-placeholder'><\/div><div class=\"flex_column av_one_half  flex_column_table_cell av-equal-height-column av-align-middle av-zero-column-padding   conteudo \" style='background-color:#ef4723; border-radius:0px; '><section class=\"av_textblock_section\"  itemscope=\"itemscope\" itemtype=\"https:\/\/schema.org\/CreativeWork\" ><div class='avia_textblock '   itemprop=\"text\" ><p><img loading=\"lazy\" class=\"size-full wp-image-107 alignleft\" src=\"https:\/\/www.senhoresviajantes.com.br\/principal\/wp-content\/uploads\/2017\/03\/iconepdf-4.png\" alt=\"\" width=\"100\" height=\"100\" srcset=\"https:\/\/www.senhoresviajantes.com.br\/principal\/wp-content\/uploads\/2017\/03\/iconepdf-4.png 100w, https:\/\/www.senhoresviajantes.com.br\/principal\/wp-content\/uploads\/2017\/03\/iconepdf-4-80x80.png 80w, https:\/\/www.senhoresviajantes.com.br\/principal\/wp-content\/uploads\/2017\/03\/iconepdf-4-36x36.png 36w\" sizes=\"(max-width: 100px) 100vw, 100px\" \/><span class=\"highlightedLayerContent\" style=\"color: #ffffff;\" data-color-group=\"turquoise\">LOREM IPSUM DOLOR SIT AMET, CONSECTETUR ADIPISICING ELIT, SED DO EIUSMOD TEMPOR.<\/span><\/p>\n<div class='avia-button-wrap avia-button-left  botao-conteudo'><a href='' class='avia-button  avia-icon_select-no avia-color-custom avia-size-large avia-position-left '  style='background-color:#FFFFFF; border-color:#FFFFFF; color:#000000; ' ><span class='avia_iconbox_title' >BAIXAR<\/span><\/a><\/div>\n<\/div><\/section><\/div><\/div><!--close column table wrapper. Autoclose:  --><div class='flex_column_table av-equal-height-column-flextable' style='margin-top:0px; margin-bottom:20px; '><div class=\"flex_column av_one_half  flex_column_table_cell av-equal-height-column av-align-middle av-zero-column-padding first  conteudo \" style='background-color:#ef4723; border-radius:0px; '><section class=\"av_textblock_section\"  itemscope=\"itemscope\" itemtype=\"https:\/\/schema.org\/CreativeWork\" ><div class='avia_textblock '   itemprop=\"text\" ><p><img loading=\"lazy\" class=\"size-full wp-image-107 alignleft\" src=\"https:\/\/www.senhoresviajantes.com.br\/principal\/wp-content\/uploads\/2017\/03\/iconepdf-4.png\" alt=\"\" width=\"100\" height=\"100\" srcset=\"https:\/\/www.senhoresviajantes.com.br\/principal\/wp-content\/uploads\/2017\/03\/iconepdf-4.png 100w, https:\/\/www.senhoresviajantes.com.br\/principal\/wp-content\/uploads\/2017\/03\/iconepdf-4-80x80.png 80w, https:\/\/www.senhoresviajantes.com.br\/principal\/wp-content\/uploads\/2017\/03\/iconepdf-4-36x36.png 36w\" sizes=\"(max-width: 100px) 100vw, 100px\" \/><span class=\"highlightedLayerContent\" style=\"color: #ffffff;\" data-color-group=\"turquoise\">LOREM IPSUM DOLOR SIT AMET, CONSECTETUR ADIPISICING ELIT, SED DO EIUSMOD TEMPOR.<\/span><\/p>\n<div class='avia-button-wrap avia-button-left  botao-conteudo'><a href='' class='avia-button  avia-icon_select-no avia-color-custom avia-size-large avia-position-left '  style='background-color:#FFFFFF; border-color:#FFFFFF; color:#000000; ' ><span class='avia_iconbox_title' >BAIXAR<\/span><\/a><\/div>\n<\/div><\/section><\/div><div class='av-flex-placeholder'><\/div><div class=\"flex_column av_one_half  flex_column_table_cell av-equal-height-column av-align-middle av-zero-column-padding   conteudo \" style='background-color:#ef4723; border-radius:0px; '><section class=\"av_textblock_section\"  itemscope=\"itemscope\" itemtype=\"https:\/\/schema.org\/CreativeWork\" ><div class='avia_textblock '   itemprop=\"text\" ><p><img loading=\"lazy\" class=\"size-full wp-image-107 alignleft\" src=\"https:\/\/www.senhoresviajantes.com.br\/principal\/wp-content\/uploads\/2017\/03\/iconepdf-4.png\" alt=\"\" width=\"100\" height=\"100\" srcset=\"https:\/\/www.senhoresviajantes.com.br\/principal\/wp-content\/uploads\/2017\/03\/iconepdf-4.png 100w, https:\/\/www.senhoresviajantes.com.br\/principal\/wp-content\/uploads\/2017\/03\/iconepdf-4-80x80.png 80w, https:\/\/www.senhoresviajantes.com.br\/principal\/wp-content\/uploads\/2017\/03\/iconepdf-4-36x36.png 36w\" sizes=\"(max-width: 100px) 100vw, 100px\" \/><span class=\"highlightedLayerContent\" style=\"color: #ffffff;\" data-color-group=\"turquoise\">LOREM IPSUM DOLOR SIT AMET, CONSECTETUR ADIPISICING ELIT, SED DO EIUSMOD TEMPOR.<\/span><\/p>\n<div class='avia-button-wrap avia-button-left  botao-conteudo'><a href='' class='avia-button  avia-icon_select-no avia-color-custom avia-size-large avia-position-left '  style='background-color:#FFFFFF; border-color:#FFFFFF; color:#000000; ' ><span class='avia_iconbox_title' >BAIXAR<\/span><\/a><\/div>\n<\/div><\/section><\/div><\/div><!--close column table wrapper. Autoclose:  -->\n<\/div><\/div><\/div><!-- close content main div --><\/div><\/div><div id='after_section_5' class='main_color av_default_container_wrap container_wrap sidebar_right'   ><div class='container' ><div class='template-page content  av-content-small alpha units'><div class='post-entry post-entry-type-page post-entry-13'><div class='entry-content-wrapper clearfix'><\/p>\n","protected":false},"excerpt":{"rendered":"","protected":false},"author":1,"featured_media":0,"parent":0,"menu_order":0,"comment_status":"closed","ping_status":"closed","template":"","meta":{"_bbp_topic_count":0,"_bbp_reply_count":0,"_bbp_total_topic_count":0,"_bbp_total_reply_count":0,"_bbp_voice_count":0,"_bbp_anonymous_reply_count":0,"_bbp_topic_count_hidden":0,"_bbp_reply_count_hidden":0,"_bbp_forum_subforum_count":0,"_joinchat":[]},"_links":{"self":[{"href":"https:\/\/www.senhoresviajantes.com.br\/index.php\/wp-json\/wp\/v2\/pages\/13"}],"collection":[{"href":"https:\/\/www.senhoresviajantes.com.br\/index.php\/wp-json\/wp\/v2\/pages"}],"about":[{"href":"https:\/\/www.senhoresviajantes.com.br\/index.php\/wp-json\/wp\/v2\/types\/page"}],"author":[{"embeddable":true,"href":"https:\/\/www.senhoresviajantes.com.br\/index.php\/wp-json\/wp\/v2\/users\/1"}],"replies":[{"embeddable":true,"href":"https:\/\/www.senhoresviajantes.com.br\/index.php\/wp-json\/wp\/v2\/comments?post=13"}],"version-history":[{"count":34,"href":"https:\/\/www.senhoresviajantes.com.br\/index.php\/wp-json\/wp\/v2\/pages\/13\/revisions"}],"predecessor-version":[{"id":1567,"href":"https:\/\/www.senhoresviajantes.com.br\/index.php\/wp-json\/wp\/v2\/pages\/13\/revisions\/1567"}],"wp:attachment":[{"href":"https:\/\/www.senhoresviajantes.com.br\/index.php\/wp-json\/wp\/v2\/media?parent=13"}],"curies":[{"name":"wp","href":"https:\/\/api.w.org\/{rel}","templated":true}]}}